ors of t?
2
Let s = -463 + 2710. What are the prime factors of s?
3, 7, 107
Let v(q) be the third derivative of -q**5/60 - 11*q**4/12 - 11*q**3/6 + 5*q**2. List the prime factors of v(-15).
2, 47
Suppose -3*m + 7*m = 72. Let h = -15 + m. List the prime factors of -3 - (-3 - 15) - h.
2, 3
Let d(r) = -4*r + 8. Let w be d(-4). Let g = w + -15. What are the prime factors of g?
3
Suppose 79 = 3*u - 251. Suppose 0 = 5*y - 255 - u. List the prime factors of y.
73
Let c(s) = s**2 - 2*s + 7. Let d be c(0). Let q(h) = h**3 - 5*h**2 + 4*h + 16. What are the prime factors of q(d)?
2, 71
Suppose 2*z - 8 = 0, 3*x - z = -2*z + 13. What are the prime factors of (-294)/x*4/(-8)?
7
Suppose 26*f = 24*f + 10. Suppose -3*t + 5*h + 16 = 0, 0 = -t + f*t - 3*h - 25. List the prime factors of t.
7
Suppose -2307 = -3*f + 3*k, -1161 = -2*f - 4*k + 365. List the prime factors of f.
13, 59
Let c(r) = 5*r + 4. Let u be c(2). Suppose -16 = 2*f - 4*f - 3*y, -u = -2*f - 4*y. List the prime factors of f.
11
List the prime factors of ((-66864)/(-30))/((-2)/(-5)).
2, 7, 199
Suppose -2*p + 685 = 2*p + 5*k, -4*p + 670 = 2*k. Suppose 7*o - 522 + p = 0. Let u = o - 2. List the prime factors of u.
7
Let k = 868 + -429. What are the prime factors of k?
439
Let b(u) = -u**2 + 7*u + 3. Let y be b(5). Let o(r) = 22*r**2 - 2*r - 1. Let g be o(-1). Suppose -14*a + y*a = -g. What are the prime factors of a?
23
Let d = 119 + -64. Suppose d + 8 = r. List the prime factors of r.
3, 7
Let p(j) = -21*j**3 - 6*j**2 - 2*j + 8. What are the prime factors of p(-4)?
2, 79
Suppose -138 = 4*y - 6*y. Suppose -2*p = 29 - y. Let f = p - -23. What are the prime factors of f?
43
Let m(a) = -a**3 + 13*a**2 - 10. Suppose 12*y = 14*y - 24. List the prime factors of m(y).
2, 67
Let m = -118 + 232. Let r = m - 51. What are the prime factors of r?
3, 7
Suppose 20 = 5*r + a, -4*r + 3*a - 3 = -0*r. Suppose r*k = -t - 3*t - 69, -4*t - 79 = k. List the prime factors of t/28 - (-214)/8.
2, 13
Let o(j) = 27*j**2 - j + 4. List the prime factors of o(-4).
2, 5, 11
Let z(v) = v**2. Let p be z(-2). Suppose 0 = -p*d + 7*d - 384. What are the prime factors of d?
2
Let q be (-1)/((-1)/(-2)) - -22. What are the prime factors of 8/q*(-2 + 42)?
2
Let y(p) = -p**3 - 9*p**2 - 34*p - 25. List the prime factors of y(-9).
281
Let h = 801 + -643. What are the prime factors of h?
2, 79
List the prime factors of ((-21680)/(-56))/(2/28).
2, 5, 271
Suppose 0 = -2*d + 4, -5*i + 16290 = -66*d + 61*d. List the prime factors of i.
2, 5, 163
Suppose -23*o + 1385 = -18*o. List the prime factors of o.
277
Let z be (-4)/(-24)*717 + (-6)/4. Suppose 0*n + 3*n + 5*q = z, -20 = -4*q. What are the prime factors of n?
31
Let n = 36 + -34. Suppose -n*d + 590 = 3*d. What are the prime factors of d?
2, 59
Let g(j) = -362*j - 518. What are the prime factors of g(-5)?
2, 17, 19
What are the prime factors of 12896/6 - (-1)/(12/8)?
2, 5, 43
Let w(s) = 197*s**2 + 23*s - 45. What are the prime factors of w(2)?
3, 263
Let y(r) = -6 + 28*r - 29*r - 28*r. What are the prime factors of y(-1)?
23
Suppose 619 = -4*s + 5*u, 4*s - 2*u = 7*s + 493. Let t = s - -296. What are the prime factors of t?
3, 5
Let z(q) be the second derivative of 3*q**5/10 - q**2/2 + 11*q. List the prime factors of z(1).
5
Suppose -4*t = t. Suppose k + 2*k - 42 = t. List the prime factors of 20/(-70) - (-312)/k.
2, 11
Let l(z) = -2*z**3 + z**2 - 2*z + 1. Let g be l(1). Let w(i) = -10*i**3 - 2*i**2 + 2*i + 4. What are the prime factors of w(g)?
2, 3
Suppose -h + 1 + 2 = 0. Suppose h*l + s = 5*s, -l = 3*s. Suppose 2*j + 0*j - 40 = l. What are the prime factors of j?
2, 5
Let x be 80/6 - 14/42. Let p(m) = 3*m + 2*m - 5*m + x*m**2. What are the prime factors of p(-1)?
13
Let g be 12/4 - (-73 - -1). Suppose 3*l - 148 = p, -g = 5*l - 2*p - 321. What are the prime factors of l?
2, 5
Suppose 4*d = -21 - 7. Let f(c) = 6*c**2 + 3*c - 10. What are the prime factors of f(d)?
263
Let p = 2357 + -1279. What are the prime factors of p/28 + 6/4?
2, 5
Let c(o) = -4*o + 156. Suppose 4*f = -f - q, 2*f = -5*q. What are the prime factors of c(f)?
2, 3, 13
Let t = 69 + -62. Suppose -u - 720 = -t*u. What are the prime factors of u?
2, 3, 5
Let c be 6/14 + (-4776)/(-28). Let g = c + -113. List the prime factors of g.
2, 29
Suppose -4*r = -2*m + 768, 3*r + 328 = 2*m - 440. List the prime factors of m.
2, 3
Let j = 1006 + 705. What are the prime factors of j?
29, 59
Let j(o) be the second derivative of 11*o**4/12 + 2*o**3/3 + 3*o**2/2 - 9*o. What are the prime factors of j(-2)?
3, 13
Suppose -5*p - 193 = 5*g + 407, 2*g + 478 = -4*p. Let s = -73 - p. List the prime factors of s.
2, 23
Suppose -5*o + 694 = -c, -o + 2*c - c = -138. What are the prime factors of o?
139
Let x be 39/52*(-56)/(-2). Let r = 24 - x. Suppose -3*b + 5*p = -23, 71 = r*b + 3*p + 8. List the prime factors of b.
2
Let h be 14/21 - 14/(-6). Suppose h = -0*d - 3*d. Let f = 5 - d. List the prime factors of f.
2, 3
Suppose 5*t + 12 = 127. Let r = 51 - t. What are the prime factors of r?
2, 7
What are the prime factors of 3115 - 0 - (-182)/26?
2, 7, 223
Suppose -3*p + p + 27 = -5*l, -p + 2*l = -12. Suppose 0 = v - 4*v + p. Suppose 0 = 5*x + 5 + 20, v*x + 95 = 5*t. What are the prime factors of t?
17
Let u be 3/((0 + -5)/(-10)). Suppose 3*k = u, l - 93 = -2*k + 106. What are the prime factors of l?
3, 5, 13
Suppose -5*r + 2*r = -4*x - 8, -5*x = 3*r - 17. Suppose 3*a = 4*i - 14, -r*a - 2 = -2*i - 0*a. Suppose i*p = 6*p - 48. What are the prime factors of p?
2, 3
Let h = 4 + -1. List the prime factors of 6/(-9)*h*-9.
2, 3
Let o(z) = -z**3 - 3*z**2 + z. Let b be o(2). What are the prime factors of 1202/18 + (-4)/b?
67
Let q(t) = t**2 - 7*t. Let r be q(7). Let w be (32/40)/(1/30*4). What are the prime factors of (w - 0) + (r - -1)?
7
Suppose 0 = 20*i - 29*i + 2448. What are the prime factors of i?
2, 17
List the prime factors of (6 + -18)/(-4) - -840.
3, 281
Let h = 22 + -14. Suppose -3*p + b = -0*p - 71, -2*b + h = 0. What are the prime factors of p?
5
Suppose 2*s - 47 = 67. Let c = s - 32. What are the prime factors of c?
5
Suppose -476 + 14 = -2*j. Suppose 4*b - 127 = -3*d, -5*d - 2*b + 5*b + j = 0. List the prime factors of d.
3, 5
Let g(c) = c + 97. What are the prime factors of g(27)?
2, 31
Suppose 4*d - 4599 = 6685. List the prime factors of d.
7, 13, 31
What are the prime factors of (-12535)/(-15) + 1 + (-2)/(-6)?
3, 31
Let y(x) = x + 11. Let i be y(-9). Suppose -5*j = -i*j - 12. Suppose 6*h - 185 = h + j*b, -111 = -3*h + 3*b. What are the prime factors of h?
37
Let d(r) = 2*r**2 - 5*r - 8. Let s be d(4). Let c be 2196/42 + (-2)/7. Suppose t - c = 5*p, s*t + 2*p + p = 116. What are the prime factors of t?
2
Suppose -3 = -3*l, -8*l = 5*u - 10*l - 3193. List the prime factors of u.
3, 71
List the prime factors of 37026/63 + 2/7.
2, 3, 7
Let h(p) = -3*p**3 - p**2 + 2*p. Let j(f) = -f**2 - 5*f - 6. Let s be j(-4). Let g be h(s). Suppose -m = -9 - g. What are the prime factors of m?
5
List the prime factors of (39/9 + -4)*(8750 - -7).
3, 7, 139
Let v be 2/(-22) + (-190)/209. List the prime factors of 1 + v - 3/((-9)/330).
2, 5, 11
Let x(v) be the first derivative of -v**4/4 + 2*v**3 - 3*v**2 + 14*v - 13. Let g be x(5). List the prime factors of 52 - (-3)/g*3.
53
Let l(h) = -h**2 + 10. Let a be l(-10). Let m = a + 64. Let f = -3 - m. What are the prime factors of f?
23
Let j = 136 + -1. What are the prime factors of j?
3, 5
Suppose -j - 1111 = -g + 2046, 3133 = g + 5*j. List the prime factors of g.
3, 1051
Let s(k) = -29*k - 8. Let w(z) = -28*z - 7. Let v(p) = 2*s(p) - 3*w(p). What are the prime factors of v(4)?
109
Let v(h) = 4*h**3 - 6*h**2 + 3*h + 1. List the prime factors of v(4).
173
Let g(l) = 5*l**2 + l - 1. Let w be g(1). Suppose -i + 4*o = -30, -140 + 28 = -w*i + o. What are the prime factors of ((-4)/(-2))/(1/i)?
2, 11
Suppose -2*d = 3 - 7, 3*q = d - 119. Let m = 61 - 116. Let o = q - m. What are the prime factors of o?
2
Suppose -5 = -2*b + q + 3, 16 = 4*b - 5*q. Suppose 0 = 5*r + 5*p - 410, 9*r - 4*r + b*p - 408 = 0. What are the prime factors of r?
2, 5
Suppose 0 = -h - 3*u + 2384, -4*u - 11844 = -9*h + 4*h. List the prime factors of h.
2, 593
List the prime factors of 1076 + 18/(-12)*-2.
13, 83
Let s = -15 - -16. Let m be 31/s*1 + 2. Let f